r when 186 is divided by 57?
15
What is the remainder when 3996 is divided by 87?
81
What is the remainder when 479 is divided by 23?
19
Calculate the remainder when 23 is divided by 16.
7
Calculate the remainder when 2192 is divided by 9.
5
Calculate the remainder when 246 is divided by 82.
0
Calculate the remainder when 47 is divided by 17.
13
Calculate the remainder when 1386 is divided by 19.
18
What is the remainder when 19 is divided by 11?
8
What is the remainder when 178 is divided by 50?
28
Calculate the remainder when 654 is divided by 5.
4
Calculate the remainder when 2545 is divided by 49.
46
Calculate the remainder when 1276 is divided by 161.
149
What is the remainder when 5077 is divided by 5073?
4
Calculate the remainder when 199 is divided by 10.
9
Calculate the remainder when 216 is divided by 57.
45
What is the remainder when 141 is divided by 51?
39
What is the remainder when 283 is divided by 87?
22
Calculate the remainder when 55 is divided by 19.
17
Calculate the remainder when 998 is divided by 42.
32
What is the remainder when 107 is divided by 47?
13
What is the remainder when 172 is divided by 35?
32
Calculate the remainder when 126 is divided by 45.
36
Calculate the remainder when 364 is divided by 115.
19
Calculate the remainder when 341 is divided by 86.
83
What is the remainder when 2448 is divided by 4?
0
Calculate the remainder when 11680 is divided by 99.
97
Calculate the remainder when 412 is divided by 104.
100
Calculate the remainder when 2137 is divided by 20.
17
Calculate the remainder when 178 is divided by 52.
22
Calculate the remainder when 1826 is divided by 21.
20
Calculate the remainder when 26 is divided by 7.
5
Calculate the remainder when 152 is divided by 11.
9
Calculate the remainder when 584 is divided by 136.
40
What is the remainder when 137 is divided by 73?
64
What is the remainder when 130 is divided by 98?
32
Calculate the remainder when 476 is divided by 48.
44
What is the remainder when 122 is divided by 13?
5
Calculate the remainder when 370 is divided by 53.
52
What is the remainder when 464 is divided by 126?
86
Calculate the remainder when 1159 is divided by 129.
127
Calculate the remainder when 52 is divided by 6.
4
What is the remainder when 235 is divided by 50?
35
What is the remainder when 533 is divided by 95?
58
Calculate the remainder when 705 is divided by 140.
5
What is the remainder when 245 is divided by 31?
28
What is the remainder when 1572 is divided by 21?
18
What is the remainder when 249 is divided by 25?
24
What is the remainder when 229 is divided by 69?
22
Calculate the remainder when 183 is divided by 45.
3
Calculate the remainder when 63 is divided by 55.
8
What is the remainder when 213 is divided by 87?
39
Calculate the remainder when 141 is divided by 11.
9
Calculate the remainder when 1160 is divided by 380.
20
What is the remainder when 426 is divided by 54?
48
What is the remainder when 13 is divided by 2?
1
Calculate the remainder when 1573 is divided by 45.
43
What is the remainder when 2689 is divided by 46?
21
What is the remainder when 560 is divided by 23?
8
Calculate the remainder when 1106 is divided by 101.
96
Calculate the remainder when 550 is divided by 178.
16
What is the remainder when 340 is divided by 173?
167
What is the remainder when 55 is divided by 9?
1
Calculate the remainder when 1409 is divided by 94.
93
What is the remainder when 305 is divided by 33?
8
Calculate the remainder when 140 is divided by 33.
8
Calculate the remainder when 189 is divided by 107.
82
Calculate the remainder when 702 is divided by 248.
206
What is the remainder when 298 is divided by 31?
19
Calculate the remainder when 618 is divided by 62.
60
What is the remainder when 97 is divided by 20?
17
What is the remainder when 163 is divided by 7?
2
Calculate the remainder when 894 is divided by 84.
54
Calculate the remainder when 1693 is divided by 170.
163
What is the remainder when 320 is divided by 62?
10
Calculate the remainder when 50 is divided by 3.
2
Calculate the remainder when 77 is divided by 50.
27
What is the remainder when 75 is divided by 7?
5
What is the remainder when 3735 is divided by 12?
3
What is the remainder when 1023 is divided by 78?
9
Calculate the remainder when 242 is divided by 74.
20
Calculate the remainder when 378 is divided by 29.
1
What is the remainder when 2702 is divided by 53?
52
Calculate the remainder when 1946 is divided by 71.
29
What is the remainder when 151 is divided by 39?
34
What is the remainder when 793 is divided by 21?
16
Calculate the remainder when 529 is divided by 208.
113
What is the remainder when 58 is divided by 21?
16
Calculate the remainder when 134 is divided by 31.
10
What is the remainder when 2633 is divided by 37?
6
What is the remainder when 256 is divided by 89?
78
Calculate the remainder when 190 is divided by 20.
10
What is the remainder when 221 is divided by 75?
71
Calculate the remainder when 2485 is divided by 21.
7
What is the remainder when 281 is divided by 92?
5
What is the remainder when 435 is divided by 23?
21
Calculate the remainder when 3889 is divided by 11.
6
What is the remainder when 123 is divided by 18?
15
Calculate the remainder when 69 is divided by 25.
19
Calculate the remainder when 2170 is divided by 721.
7
Calculate the remainder when 6160 is divided by 101.
100
What is the remainder when 290 is divided by 157?
133
What is the remainder when 215 is divided by 54?
53
Calculate the remainder when 148 is divided by 41.
25
What is the remainder when 983 is divided by 12?
11
What is the remainder when 150 is divided by 19?
17
Calculate the remainder when 2891 is divided by 3.
2
Calculate the remainder when 646 is divided by 9.
7
What is the remainder when 310 is divided by 101?
7
Calculate the remainder when 62 is divided by 43.
19
What is the remainder when 488 is divided by 23?
5
Calculate the remainder when 287 is divided by 6.
5
Calculate the remainder when 303 is divided by 18.
15
What is the remainder when 794 is divided by 53?
52
What is the remainder when 238 is divided by 24?
22
Calculate the remainder when 54 is divided by 14.
12
What is the remainder when 136 is divided by 81?
55
Calculate the remainder when 218 is divided by 87.
44
Calculate the remainder when 859 is divided by 79.
69
Calculate the remainder when 1990 is divided by 650.
40
Calculate the remainder when 5947 is divided by 175.
172
Calculate the remainder when 139 is divided by 72.
67
What is the remainder when 187 is divided by 32?
27
What is the remainder when 503 is divided by 14?
13
What is the remainder when 443 is divided by 89?
87
Calculate the remainder when 949 is divided by 10.
9
What is the remainder when 2339 is divided by 117?
116
What is the remainder when 1343 is divided by 112?
111
Calculate the remainder when 70 is divided by 21.
7
Calculate the remainder when 115 is divided by 8.
3
Calculate the remainder when 272 is divided by 122.
28
What is the remainder when 360 is divided by 92?
84
Calculate the remainder when 122 is divided by 115.
7
Calculate the remainder when 17423 is divided by 48.
47
What is the remainder when 344 is divided by 89?
77
Calculate the remainder when 30 is divided by 27.
3
Calculate the remainder when 151 is divided by 80.
71
What is the remainder when 105 is divided by 20?
5
What is the remainder when 7757 is divided by 10?
7
What is the remainder when 439 is divided by 29?
4
Calculate the remainder when 5163 is divided by 1716.
15
Calculate the remainder when 148 is divided by 50.
48
Calculate the remainder when 348 is divided by 44.
40
What is the remainder when 3116 is divided by 30?
26
What is the remainder when 325 is divided by 161?
3
What is the remainder when 767 is divided by 11?
8
Calculate the remainder when 2171 is divided by 145.
141
Calculate the remainder when 912 is divided by 153.
147
Calculate the remainder when 548 is divided by 9.
8
What is the remainder when 95 is divided by 21?
11
What is the remainder when 2160 is divided by 46?
44
What is the remainder when 1368 is divided by 169?
16
Calculate the remainder when 33 is divided by 2.
1
Calculate the remainder when 816 is divided by 39.
36
What is the remainder when 522 is divi